 4*u - 330 = s. What is the greatest common divisor of 14 and u?
7
Let j = 55 + -29. Suppose -24*d - 9620 = -29*d - 5*s, -3*s - 1920 = -d. Suppose -1871 = 4*v - d. What is the greatest common factor of j and v?
13
Let u be 2/21 + (-28655630)/(-1806). Let n be 5/20 - u/(-36). What is the highest common divisor of 49 and n?
49
Let v = -5560 - -5650. Calculate the highest common divisor of 1089 and v.
9
Let i(c) = c**3 + 10*c**2 + 8*c + 24. Let x be i(-9). Suppose -97 = -10*n + x. What is the greatest common divisor of n and 26?
13
Let t(i) = -i**3 - i**2 + 4*i. Let r be t(-4). Let o = -48 + 83. Let u be o - -8*((-3)/8 + 0). Calculate the greatest common factor of u and r.
32
Let l(t) = 3*t**3 - 10*t**2 - 3*t - 40. Let u be l(6). Calculate the greatest common divisor of u and 506.
46
Suppose -5*t + 123786 = 2*i - 60589, 0 = -3*t - 3*i + 110634. What is the highest common factor of t and 241?
241
Let c(n) = -n**3 + 36*n**2 - 10*n + 378. Let g be c(36). What is the greatest common divisor of g and 18378?
18
Let t(d) = d**3 - 14*d**2 + 9*d - 4. Let q be t(13). Let p = -44 - q. Suppose -3*n + 72 = -0. What is the greatest common factor of n and p?
12
Suppose 8314 = 2*t - 4*j, -2*t + 3*j = -3121 - 5197. Suppose -21*u = -4*u - t. Calculate the greatest common divisor of u and 196.
49
Let k be 2/(-6) + (-777594)/(-90) + (-26)/(-65). What is the greatest common divisor of 135 and k?
135
Let l be 3/(-7) - (3670/(-7))/10. Suppose 3*n - 8*n + 5*j + 75 = 0, -3*j = 9. What is the highest common factor of l and n?
4
Let m(q) = -7*q - 1. Suppose 7 = -5*t + 14*d - 10*d, 2*t - 4*d = 2. Let g be m(t). What is the highest common factor of g and 180?
20
Let z = 3157 + -2989. Calculate the greatest common factor of 91 and z.
7
Let q = -224 + 266. Suppose -3*n + 6 = 0, 2*n - 46 = -4*h + 7*n. Calculate the greatest common divisor of h and q.
14
Suppose -2*u + 2530 = -8*g + 7*g, -3*u + 3788 = 2*g. Calculate the highest common factor of 395 and u.
79
Let y be 1/(-13 + 1354/104). Let l(m) = -m**3 - 14*m**2 + 22*m - 4. Let k be l(-16). What is the highest common factor of k and y?
52
Let k = 1890 + -1826. What is the highest common factor of 216 and k?
8
Suppose 0 = 2*w - 5*a - 4727, 11*w + 5*a + 9439 = 15*w. Calculate the greatest common divisor of 248 and w.
124
Let p = 235 - 221. Suppose -p*o + 360 = -13*o. What is the greatest common factor of 10 and o?
10
Let a = 11046 + -6444. Calculate the highest common divisor of a and 26.
26
Let y be 2/(-5*(-2)/(-5)). Let n be (-7625)/(-75) + y/(-3). What is the greatest common factor of n and 34?
34
Let a = -49 + 71. Let k(h) = 7*h**2 - 8*h - 19. Let x be k(8). Let o = x - 343. What is the highest common factor of o and a?
22
Let q = -42 - -58. Suppose -3*o + o + 18 = z, -5*o + 2*z = -54. Let t be -5*((-1022)/35 + 4/o). Calculate the highest common factor of q and t.
16
Let n be 12 - (-267 - (-15 + 9)). What is the highest common factor of n and 231?
21
Suppose -526 - 2066 = -36*m. Suppose -2*t = 3*c - 4*c - 38, -92 = -5*t + c. Calculate the highest common factor of m and t.
18
Let u = -13424 - -13512. Calculate the highest common factor of u and 154.
22
Suppose 1912 = -16*t + 21*t - f, -2*t - 3*f = -758. Let p = t - 172. What is the greatest common factor of p and 350?
70
Let f be 3 + 28/(-8) - (-6)/4. Let a(n) = 7 + 3 - 2 - n. Let x be a(0). Calculate the highest common divisor of x and f.
1
Suppose 2*w = 5*y - 2*y - 260, -4*y + 350 = -w. Suppose -3*a - 39 - 471 = 0. Let o be a/(-21) + (-4)/42. What is the greatest common divisor of o and y?
8
Let a(x) = -116*x - 5372. Let l be a(-57). What is the greatest common divisor of 90 and l?
10
Let o(k) be the third derivative of k**5/20 - 7*k**4/12 + 7*k**3/3 + 2*k**2 - 34. Let m be o(7). What is the greatest common factor of 63 and m?
63
Let s be 1/(-3*4/(-84)). Let f be 0/(4*(-4)/8). Suppose f = -h - 5, -5*r + 12 = -4*r - h. Calculate the greatest common factor of r and s.
7
Let j(v) = -4*v + 98. Let d = 0 + 23. Let p be j(d). What is the highest common factor of p and 22?
2
Let w(j) = j**2 + 3*j - 10. Let c be w(-7). Let a(q) = 20*q + 15. Let s be a(6). Suppose 4*k + k = s. What is the highest common divisor of c and k?
9
Suppose 3*x = 2*g - 819, -953 = 3*x - 3*g - 134. Let r = x - -403. Let b be (1*-39)/((45/60)/(-1)). Calculate the highest common divisor of b and r.
26
Let q = 780 + -753. Suppose -3*t = -t + 10. Let u be -24*t/((-40)/(-12)). What is the highest common factor of u and q?
9
Suppose 130*g = 27816 - 3911 + 9375. Calculate the greatest common divisor of g and 1552.
16
Let u(f) = -12*f - 70. Let d be u(-6). Suppose 3*s - 1979 = -4*w, -82 = -d*w - s + 907. What is the greatest common divisor of 26 and w?
26
Let k be 8 + 5 + -1 - (-1 - -1). Let i = 226 + -22. Calculate the greatest common divisor of k and i.
12
Let g be 33/(-2)*(15/(-9) - 1). Let t be -3*(-2)/(18/15). Suppose -2*d - 17 + 51 = 2*k, d = -t. What is the highest common factor of k and g?
22
Let b = 53 - 53. Let p be -1 + (b - (3 - 8)). Suppose -f = p*x - 62, f = 3*x + 6*f - 55. Calculate the greatest common factor of x and 35.
5
Suppose -2*o - 10 = 0, 2*m + 84*o = 86*o + 33514. What is the greatest common factor of m and 96?
48
Suppose 5*c = 5*y + 30, 5*y + 22 = 4*c - 5. Suppose -c*h + 16 = h. Let t(f) = 3*f**2 + 10*f - 10. Let a be t(h). What is the highest common divisor of a and 12?
6
Suppose -q = 4*v - 5969, -3*v + 7580 - 3133 = 5*q. What is the greatest common divisor of v and 144?
18
Suppose -13*w + 2*g = -9*w - 82, -4*g = 4. Let l(c) = c + 4. Let s be l(w). Calculate the greatest common factor of 18 and s.
6
Let l(x) = 4*x**2 - 15. Let v be l(4). Let y be 5/(30/2343) + (-6)/(-4). What is the highest common factor of v and y?
49
Suppose -46*y - 306*y + 1352615 - 231 = 0. Calculate the highest common factor of y and 544.
34
Suppose -5*u = -2320 + 885. Suppose 21 = 3*l - 4*r, 615*r - 21 = -3*l + 617*r. What is the highest common divisor of l and u?
7
Let n(o) = 6*o**3 + 196*o**2 + 92*o - 249. Let c be n(-32). What is the highest common divisor of c and 72?
3
Let y be 2*((-873)/(-36) - 6/(-8)). What is the highest common factor of 6850 and y?
50
Let g be (-10)/(-6) + (-14)/(-42). Let j be 2/((((-7)/g)/(-7))/(-1)). Let i be ((-312)/60)/(j/10). What is the greatest common factor of 65 and i?
13
Let w(m) be the third derivative of -m**2 - 5/12*m**4 - 5/2*m**3 + 0 + 0*m. Let f be w(-7). Calculate the greatest common divisor of 22 and f.
11
Suppose -4763737 = -228*s - 119*s + 327794. What is the greatest common divisor of s and 219?
219
Let i be (3/2)/((-38)/(-684)). Suppose j + 3 = 0, -3*h = 7*j - 2*j - i. What is the greatest common divisor of h and 112?
14
Suppose 5 = 4*l + 3*s - 9, 2*l - s - 2 = 0. Suppose -l*w = -76 - 36. Suppose w = 3*x - x. Calculate the greatest common factor of 14 and x.
14
Suppose 0 = 6507*t - 6510*t + 78. What is the greatest common factor of 2197 and t?
13
Let n(b) = 2*b - 8*b**2 + 20*b**2 - b**3 - 16 - 13*b + 0*b. Let u be n(10). Let h be u + (1 + -3)*1. Calculate the highest common factor of h and 9.
9
Let y(o) = 31*o + 84. Let x be y(1). Calculate the greatest common divisor of 46 and x.
23
Suppose -8*a + 12*a + 3*n - 478 = 0, -a - 2*n + 122 = 0. What is the greatest common divisor of a and 2773?
59
Let z(l) = -2*l + 352. Let k be z(5). Calculate the greatest common divisor of 81 and k.
9
Let b(d) = d**3 - 57*d**2 - 245*d + 75. Let f be b(61). What is the highest common divisor of f and 9478?
14
Suppose -6*p + b + 110 = -3*p, -2*p = b - 80. Let t be (14 - 0)*(3 + p/(-14)). What is the highest common factor of t and 104?
4
Suppose 60 = -3*d + g, -60 = -0*d + 3*d - 5*g. Let b = d + 92. Suppose -2*f + 4*f - b = 0. Calculate the greatest common divisor of 12 and f.
12
Let z be (32 - -180)*(1 - 9/12). Calculate the highest common divisor of z and 3.
1
Suppose 201 = 3*z + 5*y, -3*y + 15 = 2*y. Calculate the highest common factor of 6820 and z.
62
Let s be (-56)/420 + (-64)/(-30). Suppose 4*p + 288 = s*p. Let o = 252 + p. What is the greatest common factor of o and 36?
36
Suppose 0*z - 3*z = -2*a + 3, -a + 2*z = -1. Suppose a*o - 26 = 22. Let f = 429911 - 429903. What is the greatest common divisor of f and o?
8
Let y(n) = 8*n**2 - 4*n - 14. Let p be y(6). Suppose 5*r = 2*a - 145